{"id":51,"date":"2024-06-16T11:43:42","date_gmt":"2024-06-16T09:43:42","guid":{"rendered":"https:\/\/grundbildungscoach.de\/?page_id=51"},"modified":"2024-06-17T09:34:34","modified_gmt":"2024-06-17T07:34:34","slug":"sprach-coaching","status":"publish","type":"page","link":"https:\/\/grundbildungscoach.de\/?page_id=51","title":{"rendered":"Sprach-Coaching |\u00a0Deutsch als Fremdsprache"},"content":{"rendered":"\n<p>Deutsch ist eine rel. komplizierte Sprache, aber trotzdem: Wer nach Deutschland gekommen ist, um hier zu leben und zu arbeiten, sollte Deutsch sprechen. Den Sprach-Coaches von SR-Coaching, die \u00fcberwiegend selbst einmal im Ausland gelebt haben und denen deshalb diese Notwendigkeit und Problematik sehr bewusst ist, sind ausgebildete Sprachtrainer mit langj\u00e4hriger Erfahrung beim Unterrichten von &#8222;Deutsch als Fremdsprache&#8220;.<\/p>\n\n\n\n<p>Sie k\u00f6nnen Deutsch im Einzel- oder Gruppencoaching erlernen. Warum nicht in der Gruppe? Ganz einfach. In beiden F\u00e4llen ist es sehr wichtig, dass Sie Deutsch nicht nur im Unterricht lernen, sondern auch sprechen. Welche M\u00f6glichkeiten (z.B. Ehrenamt, etc.) es hier gibt, wird vom Sprach-Coach zus\u00e4tzlich vermittelt.<\/p>\n\n\n\n<p>Sprach-Training macht allerdings nur Sinn, wenn der Student auch alphabetisiert ist. Sollte das nicht der Fall sein, muss vor einem Sprachtraining zun\u00e4chst eine Alphabetisierung stattfinden.<\/p>\n\n\n\n<p>Im <strong>Einzelcoaching<\/strong> bestimmt man selbst das individuelle Lerntempo. Das kann besonders wichtig f\u00fcr Menschen sein, die keine klassische Schulausbildung genossen haben. Ein weiterer Vorteil ist, dass die Sprachhemmung, die bei sehr vielen Menschen besteht, besser und schneller \u00fcberwunden werden kann.<\/p>\n\n\n\n<p>Das <strong>Gruppencoaching<\/strong> ist f\u00fcr Menschen, denen das Arbeiten in der Gruppe mehr liegt. Au\u00dferdem ist der Konzentrationsfaktor, der beim Einzelcoaching sehr hoch ist, geringer.<\/p>\n\n\n\n<p><strong>Kursinhalte:<\/strong><\/p>\n\n\n\n<p>Beim Sprach-Training &#8222;Deutsch als Fremdsprache&#8220; steht die Kommunikation, d.h. H\u00f6ren und Sprechen, klar im Vordergrund. Aber selbstverst\u00e4ndlich kommen auch die theoretischen Kenntnisse, wie Grammatik und Wortschatz, nicht zu kurz. Die Zusammensetzung richtet sich nach dem Lernziel und den pers\u00f6nlichen F\u00e4higkeiten der Leistungsempf\u00e4nger.<\/p>\n\n\n\n<p>Grunds\u00e4tzlich setzt sich das Sprach-Training &#8222;Deutsch als Fremdsprache&#8220; aus 2-3 Bereichen zusammen:<\/p>\n\n\n\n<p><strong>Einf\u00fchrungs-Training<\/strong><\/p>\n\n\n\n<ul class=\"wp-block-list\">\n<li>Einf\u00fchrung &#8222;Deutsche Sprache&#8220;<\/li>\n\n\n\n<li>Aufbauplan des Wortschatzes<\/li>\n\n\n\n<li>Dialogsituationen im (Berufs-)Alltag<\/li>\n\n\n\n<li>Grundlagen &#8222;Schriftsprache&#8220;<\/li>\n\n\n\n<li>Erstellung eines Lebenslaufes<\/li>\n<\/ul>\n\n\n\n<p><strong>Aufbau-Training<\/strong><\/p>\n\n\n\n<ul class=\"wp-block-list\">\n<li>Erweiterung des &#8222;Wortschatzes&#8220;<\/li>\n\n\n\n<li>Ausbau der Schriftsprache<\/li>\n\n\n\n<li>Identifikation von &#8222;Fachgebieten&#8220; f\u00fcr den Alltag oder das Berufsleben<\/li>\n<\/ul>\n\n\n\n<p>(u.U.) <strong>Pr\u00fcfungsvorbereitung<\/strong><\/p>\n\n\n\n<p>Sollte der Leistungstr\u00e4ger das Ziel einer Telc-Pr\u00fcfung definiert haben, wird auf diese Pr\u00fcfung vorbereitet, wenn der Coach ein Bestehen f\u00fcr m\u00f6glich h\u00e4lt (sollte das nicht der Fall sein, wird die Zeit lieber zur Aufarbeitung der notwendigen Sprachkenntnisse gearbeitet).<\/p>\n\n\n\n<p>Wir bereiten auf alle Telc-Pr\u00fcfungen (A1-C2) vor.<\/p>\n","protected":false},"excerpt":{"rendered":"<p>Deutsch ist eine rel. komplizierte Sprache, aber trotzdem: Wer nach Deutschland gekommen ist, um hier zu leben und zu arbeiten, sollte Deutsch sprechen. Den Sprach-Coaches von SR-Coaching, die \u00fcberwiegend selbst einmal im Ausland gelebt haben und denen deshalb diese Notwendigkeit und Problematik sehr bewusst ist, sind ausgebildete Sprachtrainer mit langj\u00e4hriger Erfahrung beim Unterrichten von &#8222;Deutsch [&hellip;]<\/p>\n","protected":false},"author":3,"featured_media":0,"parent":0,"menu_order":0,"comment_status":"closed","ping_status":"closed","template":"","meta":{"_citadela_hide_page_title":"","_citadela_remove_header_space":"","footnotes":""},"class_list":["post-51","page","type-page","status-publish","hentry"],"_links":{"self":[{"href":"https:\/\/grundbildungscoach.de\/index.php?rest_route=\/wp\/v2\/pages\/51","targetHints":{"allow":["GET"]}}],"collection":[{"href":"https:\/\/grundbildungscoach.de\/index.php?rest_route=\/wp\/v2\/pages"}],"about":[{"href":"https:\/\/grundbildungscoach.de\/index.php?rest_route=\/wp\/v2\/types\/page"}],"author":[{"embeddable":true,"href":"https:\/\/grundbildungscoach.de\/index.php?rest_route=\/wp\/v2\/users\/3"}],"replies":[{"embeddable":true,"href":"https:\/\/grundbildungscoach.de\/index.php?rest_route=%2Fwp%2Fv2%2Fcomments&post=51"}],"version-history":[{"count":9,"href":"https:\/\/grundbildungscoach.de\/index.php?rest_route=\/wp\/v2\/pages\/51\/revisions"}],"predecessor-version":[{"id":112,"href":"https:\/\/grundbildungscoach.de\/index.php?rest_route=\/wp\/v2\/pages\/51\/revisions\/112"}],"wp:attachment":[{"href":"https:\/\/grundbildungscoach.de\/index.php?rest_route=%2Fwp%2Fv2%2Fmedia&parent=51"}],"curies":[{"name":"wp","href":"https:\/\/api.w.org\/{rel}","templated":true}]}}